{"id":140,"date":"2024-05-06T18:48:09","date_gmt":"2024-05-06T18:48:09","guid":{"rendered":"https:\/\/altfitbrasil.com.br\/vendas\/?page_id=140"},"modified":"2024-07-02T12:28:40","modified_gmt":"2024-07-02T12:28:40","slug":"horarios","status":"publish","type":"page","link":"https:\/\/altfitbrasil.com.br\/vendas\/horarios\/","title":{"rendered":"HOR\u00c1RIOS"},"content":{"rendered":"\t\t<div data-elementor-type=\"wp-page\" data-elementor-id=\"140\" class=\"elementor elementor-140\">\n\t\t\t\t<div class=\"elementor-element elementor-element-7b6b263 e-flex e-con-boxed e-con e-parent\" data-id=\"7b6b263\" data-element_type=\"container\">\n\t\t\t\t\t<div class=\"e-con-inner\">\n\t\t<div class=\"elementor-element elementor-element-ec4b055 e-con-full e-flex e-con e-child\" data-id=\"ec4b055\" data-element_type=\"container\">\n\t\t\t\t<div class=\"elementor-element elementor-element-aafa687 elementor-widget elementor-widget-image\" data-id=\"aafa687\" data-element_type=\"widget\" data-widget_type=\"image.default\">\n\t\t\t\t<div class=\"elementor-widget-container\">\n\t\t\t<style>\/*! elementor - v3.23.0 - 05-08-2024 *\/\n.elementor-widget-image{text-align:center}.elementor-widget-image a{display:inline-block}.elementor-widget-image a img[src$=\".svg\"]{width:48px}.elementor-widget-image img{vertical-align:middle;display:inline-block}<\/style>\t\t\t\t\t\t\t\t\t\t<img fetchpriority=\"high\" decoding=\"async\" width=\"2218\" height=\"2350\" src=\"https:\/\/altfitbrasil.com.br\/vendas\/wp-content\/uploads\/2024\/06\/23.png\" class=\"attachment-full size-full wp-image-768\" alt=\"\" srcset=\"https:\/\/altfitbrasil.com.br\/vendas\/wp-content\/uploads\/2024\/06\/23.png 2218w, https:\/\/altfitbrasil.com.br\/vendas\/wp-content\/uploads\/2024\/06\/23-283x300.png 283w, https:\/\/altfitbrasil.com.br\/vendas\/wp-content\/uploads\/2024\/06\/23-966x1024.png 966w, https:\/\/altfitbrasil.com.br\/vendas\/wp-content\/uploads\/2024\/06\/23-768x814.png 768w, https:\/\/altfitbrasil.com.br\/vendas\/wp-content\/uploads\/2024\/06\/23-1450x1536.png 1450w, https:\/\/altfitbrasil.com.br\/vendas\/wp-content\/uploads\/2024\/06\/23-1933x2048.png 1933w\" sizes=\"(max-width: 2218px) 100vw, 2218px\" \/>\t\t\t\t\t\t\t\t\t\t\t\t\t<\/div>\n\t\t\t\t<\/div>\n\t\t\t\t<\/div>\n\t\t<div class=\"elementor-element elementor-element-ccdc931 e-con-full e-flex e-con e-child\" data-id=\"ccdc931\" data-element_type=\"container\">\n\t\t<div class=\"elementor-element elementor-element-6876541 e-flex e-con-boxed e-con e-child\" data-id=\"6876541\" data-element_type=\"container\">\n\t\t\t\t\t<div class=\"e-con-inner\">\n\t\t\t\t<div class=\"elementor-element elementor-element-2bbc0f1 elementor-widget elementor-widget-heading\" data-id=\"2bbc0f1\" data-element_type=\"widget\" data-widget_type=\"heading.default\">\n\t\t\t\t<div class=\"elementor-widget-container\">\n\t\t\t<style>\/*! elementor - v3.23.0 - 05-08-2024 *\/\n.elementor-heading-title{padding:0;margin:0;line-height:1}.elementor-widget-heading .elementor-heading-title[class*=elementor-size-]>a{color:inherit;font-size:inherit;line-height:inherit}.elementor-widget-heading .elementor-heading-title.elementor-size-small{font-size:15px}.elementor-widget-heading .elementor-heading-title.elementor-size-medium{font-size:19px}.elementor-widget-heading .elementor-heading-title.elementor-size-large{font-size:29px}.elementor-widget-heading .elementor-heading-title.elementor-size-xl{font-size:39px}.elementor-widget-heading .elementor-heading-title.elementor-size-xxl{font-size:59px}<\/style><h2 class=\"elementor-heading-title elementor-size-default\">Nossos hor\u00e1rios\n<\/h2>\t\t<\/div>\n\t\t\t\t<\/div>\n\t\t\t\t\t<\/div>\n\t\t\t\t<\/div>\n\t\t<div class=\"elementor-element elementor-element-6a06065 e-flex e-con-boxed e-con e-child\" data-id=\"6a06065\" data-element_type=\"container\">\n\t\t\t\t\t<div class=\"e-con-inner\">\n\t\t\t\t<div class=\"elementor-element elementor-element-d661ed2 elementor-widget elementor-widget-heading\" data-id=\"d661ed2\" data-element_type=\"widget\" data-widget_type=\"heading.default\">\n\t\t\t\t<div class=\"elementor-widget-container\">\n\t\t\t<h2 class=\"elementor-heading-title elementor-size-default\">Segunda \u00e0 sexta: 06h \u00e0s 22h <br>\nS\u00e1bado: 08h \u00e0s 11h <br>\nDomingo: 08h \u00e0s 10h<\/h2>\t\t<\/div>\n\t\t\t\t<\/div>\n\t\t\t\t\t<\/div>\n\t\t\t\t<\/div>\n\t\t\t\t<\/div>\n\t\t\t\t\t<\/div>\n\t\t\t\t<\/div>\n\t\t\t\t<\/div>\n\t\t","protected":false},"excerpt":{"rendered":"<p>Nossos hor\u00e1rios Segunda \u00e0 sexta: 06h \u00e0s 22h S\u00e1bado: 08h \u00e0s 11h Domingo: 08h \u00e0s 10h<\/p>\n","protected":false},"author":1,"featured_media":0,"parent":0,"menu_order":0,"comment_status":"closed","ping_status":"closed","template":"elementor_header_footer","meta":{"footnotes":""},"class_list":["post-140","page","type-page","status-publish","hentry"],"_links":{"self":[{"href":"https:\/\/altfitbrasil.com.br\/vendas\/wp-json\/wp\/v2\/pages\/140"}],"collection":[{"href":"https:\/\/altfitbrasil.com.br\/vendas\/wp-json\/wp\/v2\/pages"}],"about":[{"href":"https:\/\/altfitbrasil.com.br\/vendas\/wp-json\/wp\/v2\/types\/page"}],"author":[{"embeddable":true,"href":"https:\/\/altfitbrasil.com.br\/vendas\/wp-json\/wp\/v2\/users\/1"}],"replies":[{"embeddable":true,"href":"https:\/\/altfitbrasil.com.br\/vendas\/wp-json\/wp\/v2\/comments?post=140"}],"version-history":[{"count":25,"href":"https:\/\/altfitbrasil.com.br\/vendas\/wp-json\/wp\/v2\/pages\/140\/revisions"}],"predecessor-version":[{"id":1297,"href":"https:\/\/altfitbrasil.com.br\/vendas\/wp-json\/wp\/v2\/pages\/140\/revisions\/1297"}],"wp:attachment":[{"href":"https:\/\/altfitbrasil.com.br\/vendas\/wp-json\/wp\/v2\/media?parent=140"}],"curies":[{"name":"wp","href":"https:\/\/api.w.org\/{rel}","templated":true}]}}