{"id":177,"date":"2024-05-06T18:53:59","date_gmt":"2024-05-06T18:53:59","guid":{"rendered":"https:\/\/altfitbrasil.com.br\/vendas\/?page_id=177"},"modified":"2024-07-02T14:12:13","modified_gmt":"2024-07-02T14:12:13","slug":"strong-room","status":"publish","type":"page","link":"https:\/\/altfitbrasil.com.br\/vendas\/strong-room\/","title":{"rendered":"STRONG ROOM"},"content":{"rendered":"\t\t<div data-elementor-type=\"wp-page\" data-elementor-id=\"177\" class=\"elementor elementor-177\">\n\t\t\t\t<div class=\"elementor-element elementor-element-dd91663 e-con-full e-flex e-con e-parent\" data-id=\"dd91663\" data-element_type=\"container\" data-settings=\"{&quot;background_background&quot;:&quot;classic&quot;}\">\n\t\t\t\t<div class=\"elementor-element elementor-element-b69cb1d elementor-invisible elementor-widget elementor-widget-heading\" data-id=\"b69cb1d\" data-element_type=\"widget\" data-settings=\"{&quot;_animation&quot;:&quot;fadeInDown&quot;}\" data-widget_type=\"heading.default\">\n\t\t\t\t<div class=\"elementor-widget-container\">\n\t\t\t<style>\/*! elementor - v3.23.0 - 05-08-2024 *\/\n.elementor-heading-title{padding:0;margin:0;line-height:1}.elementor-widget-heading .elementor-heading-title[class*=elementor-size-]>a{color:inherit;font-size:inherit;line-height:inherit}.elementor-widget-heading .elementor-heading-title.elementor-size-small{font-size:15px}.elementor-widget-heading .elementor-heading-title.elementor-size-medium{font-size:19px}.elementor-widget-heading .elementor-heading-title.elementor-size-large{font-size:29px}.elementor-widget-heading .elementor-heading-title.elementor-size-xl{font-size:39px}.elementor-widget-heading .elementor-heading-title.elementor-size-xxl{font-size:59px}<\/style><h2 class=\"elementor-heading-title elementor-size-default\">strong room<\/h2>\t\t<\/div>\n\t\t\t\t<\/div>\n\t\t\t\t<div class=\"elementor-element elementor-element-0d91003 elementor-invisible elementor-widget elementor-widget-heading\" data-id=\"0d91003\" data-element_type=\"widget\" data-settings=\"{&quot;_animation&quot;:&quot;fadeIn&quot;}\" data-widget_type=\"heading.default\">\n\t\t\t\t<div class=\"elementor-widget-container\">\n\t\t\t<h2 class=\"elementor-heading-title elementor-size-default\">sua sala de m\u00fasculos!<\/h2>\t\t<\/div>\n\t\t\t\t<\/div>\n\t\t\t\t<div class=\"elementor-element elementor-element-a655f90 elementor-align-center elementor-widget elementor-widget-button\" data-id=\"a655f90\" data-element_type=\"widget\" data-widget_type=\"button.default\">\n\t\t\t\t<div class=\"elementor-widget-container\">\n\t\t\t\t\t<div class=\"elementor-button-wrapper\">\n\t\t\t<a class=\"elementor-button elementor-size-sm\" role=\"button\">\n\t\t\t\t\t\t<span class=\"elementor-button-content-wrapper\">\n\t\t\t\t\t\t\t\t\t<span class=\"elementor-button-text\">EU QUERO<\/span>\n\t\t\t\t\t<\/span>\n\t\t\t\t\t<\/a>\n\t\t<\/div>\n\t\t\t\t<\/div>\n\t\t\t\t<\/div>\n\t\t\t\t<\/div>\n\t\t<div class=\"elementor-element elementor-element-f089b73 e-flex e-con-boxed e-con e-parent\" data-id=\"f089b73\" data-element_type=\"container\">\n\t\t\t\t\t<div class=\"e-con-inner\">\n\t\t<div class=\"elementor-element elementor-element-5cb3bd7 e-flex e-con-boxed e-con e-child\" data-id=\"5cb3bd7\" data-element_type=\"container\">\n\t\t\t\t\t<div class=\"e-con-inner\">\n\t\t\t\t<div class=\"elementor-element elementor-element-e255ad5 elementor-widget elementor-widget-heading\" data-id=\"e255ad5\" data-element_type=\"widget\" data-widget_type=\"heading.default\">\n\t\t\t\t<div class=\"elementor-widget-container\">\n\t\t\t<h2 class=\"elementor-heading-title elementor-size-default\"><b>Um novo sentido para a muscula\u00e7\u00e3o<\/b>, afinal \u00e9 insanidade querer <b>resultados diferentes fazendo a mesma coisa<\/b>.<\/h2>\t\t<\/div>\n\t\t\t\t<\/div>\n\t\t\t\t\t<\/div>\n\t\t\t\t<\/div>\n\t\t\t\t\t<\/div>\n\t\t\t\t<\/div>\n\t\t<div class=\"elementor-element elementor-element-d3bcbaf elementor-hidden-desktop e-flex e-con-boxed e-con e-parent\" data-id=\"d3bcbaf\" data-element_type=\"container\" data-settings=\"{&quot;background_background&quot;:&quot;classic&quot;}\">\n\t\t\t\t\t<div class=\"e-con-inner\">\n\t\t<div class=\"elementor-element elementor-element-1688112 e-con-full e-flex e-con e-child\" data-id=\"1688112\" data-element_type=\"container\">\n\t\t\t\t<div class=\"elementor-element elementor-element-882305b elementor-widget elementor-widget-image\" data-id=\"882305b\" data-element_type=\"widget\" data-widget_type=\"image.default\">\n\t\t\t\t<div class=\"elementor-widget-container\">\n\t\t\t<style>\/*! elementor - v3.23.0 - 05-08-2024 *\/\n.elementor-widget-image{text-align:center}.elementor-widget-image a{display:inline-block}.elementor-widget-image a img[src$=\".svg\"]{width:48px}.elementor-widget-image img{vertical-align:middle;display:inline-block}<\/style>\t\t\t\t\t\t\t\t\t\t<img fetchpriority=\"high\" decoding=\"async\" width=\"525\" height=\"167\" src=\"https:\/\/altfitbrasil.com.br\/vendas\/wp-content\/uploads\/2024\/06\/DIFERENCIAIS-STRONGPrancheta-1.png\" class=\"attachment-large size-large wp-image-852\" alt=\"\" srcset=\"https:\/\/altfitbrasil.com.br\/vendas\/wp-content\/uploads\/2024\/06\/DIFERENCIAIS-STRONGPrancheta-1.png 750w, https:\/\/altfitbrasil.com.br\/vendas\/wp-content\/uploads\/2024\/06\/DIFERENCIAIS-STRONGPrancheta-1-300x96.png 300w\" sizes=\"(max-width: 525px) 100vw, 525px\" \/>\t\t\t\t\t\t\t\t\t\t\t\t\t<\/div>\n\t\t\t\t<\/div>\n\t\t\t\t<\/div>\n\t\t<div class=\"elementor-element elementor-element-8d57c1a e-con-full e-flex e-con e-child\" data-id=\"8d57c1a\" data-element_type=\"container\">\n\t\t\t\t<div class=\"elementor-element elementor-element-1efdc2f elementor-widget elementor-widget-image\" data-id=\"1efdc2f\" data-element_type=\"widget\" data-widget_type=\"image.default\">\n\t\t\t\t<div class=\"elementor-widget-container\">\n\t\t\t\t\t\t\t\t\t\t\t\t\t<img decoding=\"async\" width=\"525\" height=\"167\" src=\"https:\/\/altfitbrasil.com.br\/vendas\/wp-content\/uploads\/2024\/06\/DIFERENCIAIS-STRONGPrancheta-4.png\" class=\"attachment-large size-large wp-image-855\" alt=\"\" srcset=\"https:\/\/altfitbrasil.com.br\/vendas\/wp-content\/uploads\/2024\/06\/DIFERENCIAIS-STRONGPrancheta-4.png 750w, https:\/\/altfitbrasil.com.br\/vendas\/wp-content\/uploads\/2024\/06\/DIFERENCIAIS-STRONGPrancheta-4-300x96.png 300w\" sizes=\"(max-width: 525px) 100vw, 525px\" \/>\t\t\t\t\t\t\t\t\t\t\t\t\t<\/div>\n\t\t\t\t<\/div>\n\t\t\t\t<\/div>\n\t\t<div class=\"elementor-element elementor-element-43de750 e-con-full e-flex e-con e-child\" data-id=\"43de750\" data-element_type=\"container\">\n\t\t\t\t<div class=\"elementor-element elementor-element-13d2477 elementor-widget elementor-widget-image\" data-id=\"13d2477\" data-element_type=\"widget\" data-widget_type=\"image.default\">\n\t\t\t\t<div class=\"elementor-widget-container\">\n\t\t\t\t\t\t\t\t\t\t\t\t\t<img decoding=\"async\" width=\"525\" height=\"167\" src=\"https:\/\/altfitbrasil.com.br\/vendas\/wp-content\/uploads\/2024\/06\/DIFERENCIAIS-STRONGPrancheta-2.png\" class=\"attachment-large size-large wp-image-853\" alt=\"\" srcset=\"https:\/\/altfitbrasil.com.br\/vendas\/wp-content\/uploads\/2024\/06\/DIFERENCIAIS-STRONGPrancheta-2.png 750w, https:\/\/altfitbrasil.com.br\/vendas\/wp-content\/uploads\/2024\/06\/DIFERENCIAIS-STRONGPrancheta-2-300x96.png 300w\" sizes=\"(max-width: 525px) 100vw, 525px\" \/>\t\t\t\t\t\t\t\t\t\t\t\t\t<\/div>\n\t\t\t\t<\/div>\n\t\t\t\t<\/div>\n\t\t<div class=\"elementor-element elementor-element-d49de9b e-con-full e-flex e-con e-child\" data-id=\"d49de9b\" data-element_type=\"container\">\n\t\t\t\t<div class=\"elementor-element elementor-element-a553198 elementor-widget elementor-widget-image\" data-id=\"a553198\" data-element_type=\"widget\" data-widget_type=\"image.default\">\n\t\t\t\t<div class=\"elementor-widget-container\">\n\t\t\t\t\t\t\t\t\t\t\t\t\t<img loading=\"lazy\" decoding=\"async\" width=\"525\" height=\"167\" src=\"https:\/\/altfitbrasil.com.br\/vendas\/wp-content\/uploads\/2024\/06\/DIFERENCIAIS-STRONGPrancheta-5.png\" class=\"attachment-large size-large wp-image-856\" alt=\"\" srcset=\"https:\/\/altfitbrasil.com.br\/vendas\/wp-content\/uploads\/2024\/06\/DIFERENCIAIS-STRONGPrancheta-5.png 750w, https:\/\/altfitbrasil.com.br\/vendas\/wp-content\/uploads\/2024\/06\/DIFERENCIAIS-STRONGPrancheta-5-300x96.png 300w\" sizes=\"(max-width: 525px) 100vw, 525px\" \/>\t\t\t\t\t\t\t\t\t\t\t\t\t<\/div>\n\t\t\t\t<\/div>\n\t\t\t\t<\/div>\n\t\t<div class=\"elementor-element elementor-element-b6110d0 e-con-full e-flex e-con e-child\" data-id=\"b6110d0\" data-element_type=\"container\">\n\t\t\t\t<div class=\"elementor-element elementor-element-b4b83c1 elementor-widget elementor-widget-image\" data-id=\"b4b83c1\" data-element_type=\"widget\" data-widget_type=\"image.default\">\n\t\t\t\t<div class=\"elementor-widget-container\">\n\t\t\t\t\t\t\t\t\t\t\t\t\t<img loading=\"lazy\" decoding=\"async\" width=\"525\" height=\"167\" src=\"https:\/\/altfitbrasil.com.br\/vendas\/wp-content\/uploads\/2024\/06\/DIFERENCIAIS-STRONGPrancheta-3.png\" class=\"attachment-large size-large wp-image-854\" alt=\"\" srcset=\"https:\/\/altfitbrasil.com.br\/vendas\/wp-content\/uploads\/2024\/06\/DIFERENCIAIS-STRONGPrancheta-3.png 750w, https:\/\/altfitbrasil.com.br\/vendas\/wp-content\/uploads\/2024\/06\/DIFERENCIAIS-STRONGPrancheta-3-300x96.png 300w\" sizes=\"(max-width: 525px) 100vw, 525px\" \/>\t\t\t\t\t\t\t\t\t\t\t\t\t<\/div>\n\t\t\t\t<\/div>\n\t\t\t\t<\/div>\n\t\t<div class=\"elementor-element elementor-element-f08af64 e-con-full e-flex e-con e-child\" data-id=\"f08af64\" data-element_type=\"container\">\n\t\t\t\t<div class=\"elementor-element elementor-element-940da8e elementor-widget elementor-widget-image\" data-id=\"940da8e\" data-element_type=\"widget\" data-widget_type=\"image.default\">\n\t\t\t\t<div class=\"elementor-widget-container\">\n\t\t\t\t\t\t\t\t\t\t\t\t\t<img loading=\"lazy\" decoding=\"async\" width=\"525\" height=\"167\" src=\"https:\/\/altfitbrasil.com.br\/vendas\/wp-content\/uploads\/2024\/06\/DIFERENCIAIS-STRONGPrancheta-6.png\" class=\"attachment-large size-large wp-image-857\" alt=\"\" srcset=\"https:\/\/altfitbrasil.com.br\/vendas\/wp-content\/uploads\/2024\/06\/DIFERENCIAIS-STRONGPrancheta-6.png 750w, https:\/\/altfitbrasil.com.br\/vendas\/wp-content\/uploads\/2024\/06\/DIFERENCIAIS-STRONGPrancheta-6-300x96.png 300w\" sizes=\"(max-width: 525px) 100vw, 525px\" \/>\t\t\t\t\t\t\t\t\t\t\t\t\t<\/div>\n\t\t\t\t<\/div>\n\t\t\t\t<\/div>\n\t\t<div class=\"elementor-element elementor-element-5a45562 e-con-full e-flex e-con e-child\" data-id=\"5a45562\" data-element_type=\"container\">\n\t\t\t\t<div class=\"elementor-element elementor-element-ae175f0 elementor-widget elementor-widget-heading\" data-id=\"ae175f0\" data-element_type=\"widget\" data-widget_type=\"heading.default\">\n\t\t\t\t<div class=\"elementor-widget-container\">\n\t\t\t<h2 class=\"elementor-heading-title elementor-size-default\">Metodologia exclusiva ALTFIT.<\/h2>\t\t<\/div>\n\t\t\t\t<\/div>\n\t\t\t\t<\/div>\n\t\t\t\t\t<\/div>\n\t\t\t\t<\/div>\n\t\t<div class=\"elementor-element elementor-element-17d9159 elementor-hidden-mobile e-flex e-con-boxed e-con e-parent\" data-id=\"17d9159\" data-element_type=\"container\" data-settings=\"{&quot;background_background&quot;:&quot;classic&quot;}\">\n\t\t\t\t\t<div class=\"e-con-inner\">\n\t\t<div class=\"elementor-element elementor-element-fe102b2 e-con-full e-flex e-con e-child\" data-id=\"fe102b2\" data-element_type=\"container\">\n\t\t\t\t<div class=\"elementor-element elementor-element-f166bc3 elementor-widget elementor-widget-image\" data-id=\"f166bc3\" data-element_type=\"widget\" data-widget_type=\"image.default\">\n\t\t\t\t<div class=\"elementor-widget-container\">\n\t\t\t\t\t\t\t\t\t\t\t\t\t<img fetchpriority=\"high\" decoding=\"async\" width=\"525\" height=\"167\" src=\"https:\/\/altfitbrasil.com.br\/vendas\/wp-content\/uploads\/2024\/06\/DIFERENCIAIS-STRONGPrancheta-1.png\" class=\"attachment-large size-large wp-image-852\" alt=\"\" srcset=\"https:\/\/altfitbrasil.com.br\/vendas\/wp-content\/uploads\/2024\/06\/DIFERENCIAIS-STRONGPrancheta-1.png 750w, https:\/\/altfitbrasil.com.br\/vendas\/wp-content\/uploads\/2024\/06\/DIFERENCIAIS-STRONGPrancheta-1-300x96.png 300w\" sizes=\"(max-width: 525px) 100vw, 525px\" \/>\t\t\t\t\t\t\t\t\t\t\t\t\t<\/div>\n\t\t\t\t<\/div>\n\t\t\t\t<\/div>\n\t\t<div class=\"elementor-element elementor-element-bd62cd6 e-con-full e-flex e-con e-child\" data-id=\"bd62cd6\" data-element_type=\"container\">\n\t\t\t\t<\/div>\n\t\t<div class=\"elementor-element elementor-element-f5b73b7 e-con-full e-flex e-con e-child\" data-id=\"f5b73b7\" data-element_type=\"container\">\n\t\t\t\t<div class=\"elementor-element elementor-element-3c3394e elementor-widget elementor-widget-image\" data-id=\"3c3394e\" data-element_type=\"widget\" data-widget_type=\"image.default\">\n\t\t\t\t<div class=\"elementor-widget-container\">\n\t\t\t\t\t\t\t\t\t\t\t\t\t<img decoding=\"async\" width=\"525\" height=\"167\" src=\"https:\/\/altfitbrasil.com.br\/vendas\/wp-content\/uploads\/2024\/06\/DIFERENCIAIS-STRONGPrancheta-4.png\" class=\"attachment-large size-large wp-image-855\" alt=\"\" srcset=\"https:\/\/altfitbrasil.com.br\/vendas\/wp-content\/uploads\/2024\/06\/DIFERENCIAIS-STRONGPrancheta-4.png 750w, https:\/\/altfitbrasil.com.br\/vendas\/wp-content\/uploads\/2024\/06\/DIFERENCIAIS-STRONGPrancheta-4-300x96.png 300w\" sizes=\"(max-width: 525px) 100vw, 525px\" \/>\t\t\t\t\t\t\t\t\t\t\t\t\t<\/div>\n\t\t\t\t<\/div>\n\t\t\t\t<\/div>\n\t\t<div class=\"elementor-element elementor-element-85a8869 e-con-full e-flex e-con e-child\" data-id=\"85a8869\" data-element_type=\"container\">\n\t\t\t\t<div class=\"elementor-element elementor-element-86d3b27 elementor-widget elementor-widget-image\" data-id=\"86d3b27\" data-element_type=\"widget\" data-widget_type=\"image.default\">\n\t\t\t\t<div class=\"elementor-widget-container\">\n\t\t\t\t\t\t\t\t\t\t\t\t\t<img decoding=\"async\" width=\"525\" height=\"167\" src=\"https:\/\/altfitbrasil.com.br\/vendas\/wp-content\/uploads\/2024\/06\/DIFERENCIAIS-STRONGPrancheta-2.png\" class=\"attachment-large size-large wp-image-853\" alt=\"\" srcset=\"https:\/\/altfitbrasil.com.br\/vendas\/wp-content\/uploads\/2024\/06\/DIFERENCIAIS-STRONGPrancheta-2.png 750w, https:\/\/altfitbrasil.com.br\/vendas\/wp-content\/uploads\/2024\/06\/DIFERENCIAIS-STRONGPrancheta-2-300x96.png 300w\" sizes=\"(max-width: 525px) 100vw, 525px\" \/>\t\t\t\t\t\t\t\t\t\t\t\t\t<\/div>\n\t\t\t\t<\/div>\n\t\t\t\t<\/div>\n\t\t<div class=\"elementor-element elementor-element-532e6ca e-con-full e-flex e-con e-child\" data-id=\"532e6ca\" data-element_type=\"container\">\n\t\t\t\t<\/div>\n\t\t<div class=\"elementor-element elementor-element-1c79919 e-con-full e-flex e-con e-child\" data-id=\"1c79919\" data-element_type=\"container\">\n\t\t\t\t<div class=\"elementor-element elementor-element-cd42730 elementor-widget elementor-widget-image\" data-id=\"cd42730\" data-element_type=\"widget\" data-widget_type=\"image.default\">\n\t\t\t\t<div class=\"elementor-widget-container\">\n\t\t\t\t\t\t\t\t\t\t\t\t\t<img loading=\"lazy\" decoding=\"async\" width=\"525\" height=\"167\" src=\"https:\/\/altfitbrasil.com.br\/vendas\/wp-content\/uploads\/2024\/06\/DIFERENCIAIS-STRONGPrancheta-5.png\" class=\"attachment-large size-large wp-image-856\" alt=\"\" srcset=\"https:\/\/altfitbrasil.com.br\/vendas\/wp-content\/uploads\/2024\/06\/DIFERENCIAIS-STRONGPrancheta-5.png 750w, https:\/\/altfitbrasil.com.br\/vendas\/wp-content\/uploads\/2024\/06\/DIFERENCIAIS-STRONGPrancheta-5-300x96.png 300w\" sizes=\"(max-width: 525px) 100vw, 525px\" \/>\t\t\t\t\t\t\t\t\t\t\t\t\t<\/div>\n\t\t\t\t<\/div>\n\t\t\t\t<\/div>\n\t\t<div class=\"elementor-element elementor-element-d55d460 e-con-full e-flex e-con e-child\" data-id=\"d55d460\" data-element_type=\"container\">\n\t\t\t\t<div class=\"elementor-element elementor-element-f325b9d elementor-widget elementor-widget-image\" data-id=\"f325b9d\" data-element_type=\"widget\" data-widget_type=\"image.default\">\n\t\t\t\t<div class=\"elementor-widget-container\">\n\t\t\t\t\t\t\t\t\t\t\t\t\t<img loading=\"lazy\" decoding=\"async\" width=\"525\" height=\"167\" src=\"https:\/\/altfitbrasil.com.br\/vendas\/wp-content\/uploads\/2024\/06\/DIFERENCIAIS-STRONGPrancheta-3.png\" class=\"attachment-large size-large wp-image-854\" alt=\"\" srcset=\"https:\/\/altfitbrasil.com.br\/vendas\/wp-content\/uploads\/2024\/06\/DIFERENCIAIS-STRONGPrancheta-3.png 750w, https:\/\/altfitbrasil.com.br\/vendas\/wp-content\/uploads\/2024\/06\/DIFERENCIAIS-STRONGPrancheta-3-300x96.png 300w\" sizes=\"(max-width: 525px) 100vw, 525px\" \/>\t\t\t\t\t\t\t\t\t\t\t\t\t<\/div>\n\t\t\t\t<\/div>\n\t\t\t\t<\/div>\n\t\t<div class=\"elementor-element elementor-element-7c7ee0b e-con-full e-flex e-con e-child\" data-id=\"7c7ee0b\" data-element_type=\"container\">\n\t\t\t\t<\/div>\n\t\t<div class=\"elementor-element elementor-element-b47ffa7 e-con-full e-flex e-con e-child\" data-id=\"b47ffa7\" data-element_type=\"container\">\n\t\t\t\t<div class=\"elementor-element elementor-element-8269929 elementor-widget elementor-widget-image\" data-id=\"8269929\" data-element_type=\"widget\" data-widget_type=\"image.default\">\n\t\t\t\t<div class=\"elementor-widget-container\">\n\t\t\t\t\t\t\t\t\t\t\t\t\t<img loading=\"lazy\" decoding=\"async\" width=\"525\" height=\"167\" src=\"https:\/\/altfitbrasil.com.br\/vendas\/wp-content\/uploads\/2024\/06\/DIFERENCIAIS-STRONGPrancheta-6.png\" class=\"attachment-large size-large wp-image-857\" alt=\"\" srcset=\"https:\/\/altfitbrasil.com.br\/vendas\/wp-content\/uploads\/2024\/06\/DIFERENCIAIS-STRONGPrancheta-6.png 750w, https:\/\/altfitbrasil.com.br\/vendas\/wp-content\/uploads\/2024\/06\/DIFERENCIAIS-STRONGPrancheta-6-300x96.png 300w\" sizes=\"(max-width: 525px) 100vw, 525px\" \/>\t\t\t\t\t\t\t\t\t\t\t\t\t<\/div>\n\t\t\t\t<\/div>\n\t\t\t\t<\/div>\n\t\t<div class=\"elementor-element elementor-element-b27efb0 e-con-full e-flex e-con e-child\" data-id=\"b27efb0\" data-element_type=\"container\">\n\t\t\t\t<div class=\"elementor-element elementor-element-6493e4a elementor-widget elementor-widget-heading\" data-id=\"6493e4a\" data-element_type=\"widget\" data-widget_type=\"heading.default\">\n\t\t\t\t<div class=\"elementor-widget-container\">\n\t\t\t<h2 class=\"elementor-heading-title elementor-size-default\">Metodologia exclusiva ALTFIT.<\/h2>\t\t<\/div>\n\t\t\t\t<\/div>\n\t\t\t\t<\/div>\n\t\t\t\t\t<\/div>\n\t\t\t\t<\/div>\n\t\t<div class=\"elementor-element elementor-element-ea77376 e-flex e-con-boxed e-con e-parent\" data-id=\"ea77376\" data-element_type=\"container\">\n\t\t\t\t\t<div class=\"e-con-inner\">\n\t\t<div class=\"elementor-element elementor-element-3b8cc39 e-flex e-con-boxed e-con e-child\" data-id=\"3b8cc39\" data-element_type=\"container\">\n\t\t\t\t\t<div class=\"e-con-inner\">\n\t\t\t\t<div class=\"elementor-element elementor-element-b08c392 elementor-invisible elementor-widget elementor-widget-heading\" data-id=\"b08c392\" data-element_type=\"widget\" data-settings=\"{&quot;_animation&quot;:&quot;fadeInUp&quot;}\" data-widget_type=\"heading.default\">\n\t\t\t\t<div class=\"elementor-widget-container\">\n\t\t\t<h2 class=\"elementor-heading-title elementor-size-default\">um novo jeito de fazer muscula\u00e7\u00e3o!<\/h2>\t\t<\/div>\n\t\t\t\t<\/div>\n\t\t\t\t<div class=\"elementor-element elementor-element-fe49d8e elementor-widget elementor-widget-heading\" data-id=\"fe49d8e\" data-element_type=\"widget\" data-widget_type=\"heading.default\">\n\t\t\t\t<div class=\"elementor-widget-container\">\n\t\t\t<h2 class=\"elementor-heading-title elementor-size-default\">TREINO PARA TONIFICAR E DEFINIR SEU CORPO<\/h2>\t\t<\/div>\n\t\t\t\t<\/div>\n\t\t\t\t<div class=\"elementor-element elementor-element-e9517d4 elementor-align-center elementor-widget__width-initial elementor-invisible elementor-widget elementor-widget-button\" data-id=\"e9517d4\" data-element_type=\"widget\" data-settings=\"{&quot;_animation&quot;:&quot;pulse&quot;}\" data-widget_type=\"button.default\">\n\t\t\t\t<div class=\"elementor-widget-container\">\n\t\t\t\t\t<div class=\"elementor-button-wrapper\">\n\t\t\t<a class=\"elementor-button elementor-button-link elementor-size-sm\" href=\"https:\/\/vendas.online.sistemapacto.com.br\/checkout\">\n\t\t\t\t\t\t<span class=\"elementor-button-content-wrapper\">\n\t\t\t\t\t\t\t\t\t<span class=\"elementor-button-text\">COMPRE SUA 1\u00aa experi\u00eancia<\/span>\n\t\t\t\t\t<\/span>\n\t\t\t\t\t<\/a>\n\t\t<\/div>\n\t\t\t\t<\/div>\n\t\t\t\t<\/div>\n\t\t\t\t\t<\/div>\n\t\t\t\t<\/div>\n\t\t\t\t\t<\/div>\n\t\t\t\t<\/div>\n\t\t\t\t<\/div>\n\t\t","protected":false},"excerpt":{"rendered":"<p>strong room sua sala de m\u00fasculos! EU QUERO Um novo sentido para a muscula\u00e7\u00e3o, afinal \u00e9 insanidade querer resultados diferentes fazendo a mesma coisa. Metodologia exclusiva ALTFIT. Metodologia exclusiva ALTFIT. um novo jeito de fazer muscula\u00e7\u00e3o! TREINO PARA TONIFICAR E DEFINIR SEU CORPO COMPRE SUA 1\u00aa experi\u00eancia<\/p>\n","protected":false},"author":1,"featured_media":0,"parent":0,"menu_order":0,"comment_status":"closed","ping_status":"closed","template":"elementor_header_footer","meta":{"footnotes":""},"class_list":["post-177","page","type-page","status-publish","hentry"],"_links":{"self":[{"href":"https:\/\/altfitbrasil.com.br\/vendas\/wp-json\/wp\/v2\/pages\/177"}],"collection":[{"href":"https:\/\/altfitbrasil.com.br\/vendas\/wp-json\/wp\/v2\/pages"}],"about":[{"href":"https:\/\/altfitbrasil.com.br\/vendas\/wp-json\/wp\/v2\/types\/page"}],"author":[{"embeddable":true,"href":"https:\/\/altfitbrasil.com.br\/vendas\/wp-json\/wp\/v2\/users\/1"}],"replies":[{"embeddable":true,"href":"https:\/\/altfitbrasil.com.br\/vendas\/wp-json\/wp\/v2\/comments?post=177"}],"version-history":[{"count":133,"href":"https:\/\/altfitbrasil.com.br\/vendas\/wp-json\/wp\/v2\/pages\/177\/revisions"}],"predecessor-version":[{"id":1376,"href":"https:\/\/altfitbrasil.com.br\/vendas\/wp-json\/wp\/v2\/pages\/177\/revisions\/1376"}],"wp:attachment":[{"href":"https:\/\/altfitbrasil.com.br\/vendas\/wp-json\/wp\/v2\/media?parent=177"}],"curies":[{"name":"wp","href":"https:\/\/api.w.org\/{rel}","templated":true}]}}